{"id":2,"date":"2011-02-18T03:30:14","date_gmt":"2011-02-18T03:30:14","guid":{"rendered":"https:\/\/andreslombana.net\/blog\/?page_id=2"},"modified":"2025-04-11T09:24:27","modified_gmt":"2025-04-11T15:24:27","slug":"about","status":"publish","type":"page","link":"https:\/\/andreslombana.net\/blog\/about\/","title":{"rendered":"About"},"content":{"rendered":"<p><img data-recalc-dims=\"1\" loading=\"lazy\" decoding=\"async\" data-attachment-id=\"1124\" data-permalink=\"https:\/\/andreslombana.net\/blog\/alb-portrait\/\" data-orig-file=\"https:\/\/i0.wp.com\/andreslombana.net\/blog\/wp-content\/uploads\/2017\/04\/alb-portrait.jpeg?fit=1024%2C819&amp;ssl=1\" data-orig-size=\"1024,819\" data-comments-opened=\"1\" data-image-meta=\"{&quot;aperture&quot;:&quot;1.2&quot;,&quot;credit&quot;:&quot;&quot;,&quot;camera&quot;:&quot;Canon EOS 5D Mark II&quot;,&quot;caption&quot;:&quot;&quot;,&quot;created_timestamp&quot;:&quot;1440751748&quot;,&quot;copyright&quot;:&quot;&quot;,&quot;focal_length&quot;:&quot;85&quot;,&quot;iso&quot;:&quot;400&quot;,&quot;shutter_speed&quot;:&quot;0.00015625&quot;,&quot;title&quot;:&quot;&quot;,&quot;orientation&quot;:&quot;1&quot;}\" data-image-title=\"alb-portrait\" data-image-description=\"\" data-image-caption=\"\" data-medium-file=\"https:\/\/i0.wp.com\/andreslombana.net\/blog\/wp-content\/uploads\/2017\/04\/alb-portrait.jpeg?fit=300%2C240&amp;ssl=1\" data-large-file=\"https:\/\/i0.wp.com\/andreslombana.net\/blog\/wp-content\/uploads\/2017\/04\/alb-portrait.jpeg?fit=700%2C560&amp;ssl=1\" class=\"wp-image-1124 size-medium alignleft\" src=\"https:\/\/i0.wp.com\/andreslombana.net\/blog\/wp-content\/uploads\/2017\/04\/alb-portrait.jpeg?resize=300%2C240&#038;ssl=1\" width=\"300\" height=\"240\" srcset=\"https:\/\/i0.wp.com\/andreslombana.net\/blog\/wp-content\/uploads\/2017\/04\/alb-portrait.jpeg?resize=300%2C240&amp;ssl=1 300w, https:\/\/i0.wp.com\/andreslombana.net\/blog\/wp-content\/uploads\/2017\/04\/alb-portrait.jpeg?resize=768%2C614&amp;ssl=1 768w, https:\/\/i0.wp.com\/andreslombana.net\/blog\/wp-content\/uploads\/2017\/04\/alb-portrait.jpeg?w=1024&amp;ssl=1 1024w, https:\/\/i0.wp.com\/andreslombana.net\/blog\/wp-content\/uploads\/2017\/04\/alb-portrait.jpeg?resize=800%2C640&amp;ssl=1 800w\" sizes=\"auto, (max-width: 300px) 100vw, 300px\" \/>I am a researcher, designer, and educator living in Bogota, Colombia, and working at the intersection of youth, technology,\u00a0 learning, and media ecosystems. In 2019 I joined the Department of Communication at <a href=\"https:\/\/www.javeriana.edu.co\/\">Universidad Javeriana<\/a> as a professor\/researcher, after spending three years and half at Harvard University&#8217;s <a href=\"https:\/\/cyber.harvard.edu\/\">Berkman Klein Center for Internet and Society<\/a>\u00a0 as a postdoc fellow. Previously I finished a PhD in <a title=\"http:\/\/rtf.utexas.edu\/\" href=\"http:\/\/rtf.utexas.edu\/\" target=\"_blank\" rel=\"noopener noreferrer\">Media Studies<\/a> at UT-Austin, and defended my <a title=\"http:\/\/thesis.andreslombana.net\/index.php?title=Main_Page\" href=\"http:\/\/thesis.andreslombana.net\/index.php?title=Main_Page\" target=\"_blank\" rel=\"noopener noreferrer\">dissertation<\/a> on Latino\/Hispanic immigrant youths digital media practices and assimilation into the U.S. I also completed an MSc in <a title=\"http:\/\/cms.mit.edu\/\" href=\"http:\/\/cms.mit.edu\/\" target=\"_blank\" rel=\"noopener noreferrer\">Comparative Media Studies <\/a>at MIT\u00a0 and majored with <a title=\"https:\/\/literatura.uniandes.edu.co\/\" href=\"https:\/\/literatura.uniandes.edu.co\/\" target=\"_blank\" rel=\"noopener noreferrer\">Literature<\/a> and <a title=\"https:\/\/c-politica.uniandes.edu.co\/index.php\/programas\/pregrado\/por-que-hacer-el-pregrado-en-ciencia-politica\" href=\"https:\/\/c-politica.uniandes.edu.co\/index.php\/programas\/pregrado\/por-que-hacer-el-pregrado-en-ciencia-politica\" target=\"_blank\" rel=\"noopener noreferrer\">Political Science<\/a> BAs from the Universidad de los Andes.<\/p>\n<p>I study how young people use technology for learning, creating, and participating in culture\/society\/economy, and the environments, communities, and market places where they interact. I am particularly interested in researching digital inequalities, citizenship, ICT (data, platforms, AI) policy\/governance, media ecosystems, and mis\/disinformation. My approach is interdisciplinary and collaborative, mixing qualitative, quantitative and computational methods, and applying co-design and research-creation.\u00a0 I teach methodology courses at undergrad and graduate levels on discourse and content analysis, social network analysis, ethnography, and digital methods.<\/p>\n<p>I design media and learning experiences. The past 20 years I have collaborated in the co-design of educational materials for youth, teachers, and librarians, including games, videos, curricula, and learning playlists. These tools are open access and freely available on the <a href=\"https:\/\/dcrp.berkman.harvard.edu\/\">Digital Citizenship Resource Platform<\/a>, <a href=\"https:\/\/www.lrng.org\">LRNG<\/a>,\u00a0the <a href=\"https:\/\/www.youtube.com\/user\/ProjectNML\/videos\">Project New Media Literacies<\/a> and <a href=\"https:\/\/www.digimente.org\/\">DigiMente<\/a>. I also make sound, visual, text, and other kinds of media art. My <a title=\"https:\/\/andreslombana.net\/\" href=\"https:\/\/andreslombana.net\/\" target=\"_blank\" rel=\"noopener noreferrer\">artwork<\/a> has been exhibited internationally in museums and galleries such as the International Symposium of Electronic Arts (ISEA) in Manizales, the Italo-Latin American Institute in Rome,\u00a0the Inter-American Development Bank (IDB) Art Gallery in Washington D.C, and the Humboldt Forum and Ethnological Museum in Berlin.<\/p>\n<p>Besides being an assistant professor at Universidad Javeriana,\u00a0 I am faculty associate at Harvard University&#8217;s <a href=\"https:\/\/cyber.law.harvard.edu\/\">Berkman Klein Center for Internet &amp; Society<\/a>, and a research associate with\u00a0the <a href=\"https:\/\/www.urosario.edu.co\/Facultad-de-Jurisprudencia\/Investigacion\/Grupos-de-investigacion\/Grupos\/ISUR\/Presentacion\/\">Centro ISUR<\/a>. In addition to my academic work, I serve as a consultant to international organizations, governments, and NGOs in projects related to digital inclusion, education, youth, and digital rights. I am also part of <a href=\"http:\/\/www.clubesdeciencia.co\/\">Clubes de Ciencia Colombia,<\/a> <a href=\"http:\/\/www.scientelab.org\/\">ScienteLab<\/a>, a member of\u00a0the <a href=\"https:\/\/www.tierracomun.net\/\">Tierra Com\u00fan<\/a> network, the <a href=\"https:\/\/clalliance.org\/\">Connected Learning Alliance<\/a>, the global <a href=\"https:\/\/networkofcenters.net\">Network of Centers for Internet and Society<\/a>, <a href=\"https:\/\/globalvoices.org\/\">Global Voices<\/a>, an advisor of the <a href=\"https:\/\/programafrida.net\/sobre-frida\">FRIDA program<\/a>, and a regular contributor to the English and Spanish <a href=\"https:\/\/www.wikipedia.org\/\" target=\"_blank\" rel=\"noopener noreferrer\">Wikipedias<\/a>, the <a href=\"https:\/\/commons.wikimedia.org\/wiki\/User:Lombana\" target=\"_blank\" rel=\"noopener noreferrer\">Wikicommons<\/a>, and <a href=\"https:\/\/www.openstreetmap.org\/user\/vVvA\" target=\"_blank\" rel=\"noopener noreferrer\">OpenStreetMap<\/a>.<\/p>\n<p>You can contact me via email at lombana[at]alum.mit.edu. I am open to discuss and collaborate in research and creative projects, and exchange ideas and gifts. My academic CV is available at Colombian Minister of Science platform <a href=\"https:\/\/scienti.minciencias.gov.co\/cvlac\/visualizador\/generarCurriculoCv.do?cod_rh=0001609167\">CvLAC<\/a>.<\/p>\n<p><a href=\"https:\/\/i0.wp.com\/andreslombana.net\/blog\/wp-content\/uploads\/2011\/02\/lego-vVvA.jpg?ssl=1\"><img data-recalc-dims=\"1\" loading=\"lazy\" decoding=\"async\" data-attachment-id=\"410\" data-permalink=\"https:\/\/andreslombana.net\/blog\/about\/lego-vvva\/\" data-orig-file=\"https:\/\/i0.wp.com\/andreslombana.net\/blog\/wp-content\/uploads\/2011\/02\/lego-vVvA.jpg?fit=300%2C300&amp;ssl=1\" data-orig-size=\"300,300\" data-comments-opened=\"1\" data-image-meta=\"{&quot;aperture&quot;:&quot;0&quot;,&quot;credit&quot;:&quot;&quot;,&quot;camera&quot;:&quot;&quot;,&quot;caption&quot;:&quot;&quot;,&quot;created_timestamp&quot;:&quot;0&quot;,&quot;copyright&quot;:&quot;&quot;,&quot;focal_length&quot;:&quot;0&quot;,&quot;iso&quot;:&quot;0&quot;,&quot;shutter_speed&quot;:&quot;0&quot;,&quot;title&quot;:&quot;&quot;}\" data-image-title=\"lego-vVvA\" data-image-description=\"\" data-image-caption=\"\" data-medium-file=\"https:\/\/i0.wp.com\/andreslombana.net\/blog\/wp-content\/uploads\/2011\/02\/lego-vVvA.jpg?fit=300%2C300&amp;ssl=1\" data-large-file=\"https:\/\/i0.wp.com\/andreslombana.net\/blog\/wp-content\/uploads\/2011\/02\/lego-vVvA.jpg?fit=300%2C300&amp;ssl=1\" class=\"alignleft size-medium wp-image-410\" src=\"https:\/\/i0.wp.com\/andreslombana.net\/blog\/wp-content\/uploads\/2011\/02\/lego-vVvA.jpg?resize=300%2C300&#038;ssl=1\" alt=\"lego-vVvA\" width=\"300\" height=\"300\" srcset=\"https:\/\/i0.wp.com\/andreslombana.net\/blog\/wp-content\/uploads\/2011\/02\/lego-vVvA.jpg?w=300&amp;ssl=1 300w, https:\/\/i0.wp.com\/andreslombana.net\/blog\/wp-content\/uploads\/2011\/02\/lego-vVvA.jpg?resize=150%2C150&amp;ssl=1 150w\" sizes=\"auto, (max-width: 300px) 100vw, 300px\" \/><\/a><\/p>\n<p><strong>Sobre <a title=\"https:\/\/twitter.com\/vVvA\" href=\"https:\/\/twitter.com\/vVvA\" target=\"_blank\" rel=\"noopener noreferrer\">vVvA<\/a> en Espa\u00f1ol<\/strong><\/p>\n<p>Andr\u00e9s Lombana-Bermudez (aka vVvA) es un investigador, dise\u00f1ador,\u00a0 y educador que trabaja en la intersecci\u00f3n entre j\u00f3venes, tecnolog\u00eda, ciudadan\u00eda, y educaci\u00f3n. Andr\u00e9s se uni\u00f3 al departamento de comunicaci\u00f3n de la <a href=\"https:\/\/www.javeriana.edu.co\/\">Universidad Javeriana<\/a> como profesor\/investigador en 2019. Anteriormente \u00e9l termin\u00f3 un PhD en Estudios de Medios de Comunicaci\u00f3n en la <a href=\"https:\/\/rtf.utexas.edu\/\">Universidad de Texas-Austin<\/a> y\u00a0 fu\u00e9 postdoc fellow en el <a href=\"https:\/\/scholar.harvard.edu\/lombana\/home\">Centro Berkman Klein para la Internet y la Sociedad de la Universidad de Harvard<\/a>.\u00a0 Andr\u00e9s tambi\u00e9n realiz\u00f3 una maestr\u00eda en estudios comparados de medios en el Instituto Tecnol\u00f3gico de Massachusetts y estudi\u00f3 pregados de Literatura y Ciencia pol\u00edtica en la Universidad de los Andes.<\/p>\n<p>Actualmente Andr\u00e9s es profesor asistente en la Universidad Javeriana,\u00a0 faculty associate en el <a href=\"https:\/\/scholar.harvard.edu\/lombana\/home\">Centro Berkman Klein para la Internet y la Sociedad de la Universidad de Harvard<\/a>, e investigador asociado al <a href=\"https:\/\/www.urosario.edu.co\/Facultad-de-Jurisprudencia\/Investigacion\/Grupos-de-investigacion\/Grupos\/ISUR\/Presentacion\/\">Centro ISUR<\/a>. Adicionalmente a su trabajo acad\u00e9mico, Andr\u00e9s es consultor para organizaciones internacionales, gobiernos y ONGs en proyectos relacionados con inclusi\u00f3n digital, j\u00f3venes, educaci\u00f3n y derechos digitales. El es tambi\u00e9n miembro de <a href=\"http:\/\/www.clubesdeciencia.co\/\">Clubes de Ciencia Colombia<\/a>, <a href=\"http:\/\/www.scientelab.org\/\">ScienteLab<\/a>, las redes <a href=\"https:\/\/www.tierracomun.net\/\">Tierra Com\u00fan,\u00a0<\/a> \u00a0<a href=\"https:\/\/globalvoices.org\/\">Global Voices<\/a>, <a href=\"https:\/\/clalliance.org\/\">Connected Learning Alliance<\/a>,\u00a0 <a href=\"https:\/\/networkofcenters.net\">Network of Centers for Internet and Society, <\/a>el <a href=\"https:\/\/programafrida.net\/sobre-frida\">programa FRIDA<\/a>, y regularmente contribuye a las <a href=\"https:\/\/www.wikipedia.org\/\" target=\"_blank\" rel=\"noopener noreferrer\">Wikipedias<\/a> en Espa\u00f1ol y en Ingl\u00e9s, los <a href=\"https:\/\/commons.wikimedia.org\/wiki\/User:Lombana\" target=\"_blank\" rel=\"noopener noreferrer\">Wikicommons<\/a>, y a <a href=\"https:\/\/www.openstreetmap.org\/user\/vVvA\" target=\"_blank\" rel=\"noopener noreferrer\">OpenStreetMap<\/a>.<\/p>\n<p>Puedes contactar a vVvA\u00a0 enviando un email a lombana[at]alum.mit.edu. Su CV acad\u00e9mico est\u00e1 disponible en la plataforma <a href=\"https:\/\/scienti.minciencias.gov.co\/cvlac\/visualizador\/generarCurriculoCv.do?cod_rh=0001609167\">CvLAC<\/a> del Ministerio de Ciencias colombiano.<\/p>\n<p>_____________\/\\\/\\____\/\\\/\\__________________\/\\\/\\_____<br \/>\n_\/\\\/\\__\/\\\/\\__\/\\\/\\____\/\\\/\\__\/\\\/\\__\/\\\/\\_____\/\\\/\\\/\\\/\\___<br \/>\n_\/\\\/\\__\/\\\/\\__\/\\\/\\____\/\\\/\\__\/\\\/\\__\/\\\/\\___\/\\\/\\____\/\\\/\\_<br \/>\n___\/\\\/\\\/\\______\/\\\/\\\/\\\/\\______\/\\\/\\\/\\_____\/\\\/\\____\/\\\/\\_<br \/>\n_____\/\\__________\/\\\/\\__________\/\\______\/\\\/\\____\/\\\/\\_<br \/>\n____________________________________________________<\/p>\n","protected":false},"excerpt":{"rendered":"<p>I am a researcher, designer, and educator living in Bogota, Colombia, and working at the intersection of youth, technology,\u00a0 learning, and media ecosystems. In 2019 I joined the Department of Communication at Universidad Javeriana as a professor\/researcher, after spending three years and half at Harvard University&#8217;s Berkman Klein Center for Internet and Society\u00a0 as a&#8230;<\/p>\n","protected":false},"author":1,"featured_media":0,"parent":0,"menu_order":0,"comment_status":"open","ping_status":"open","template":"","meta":{"jetpack_post_was_ever_published":false,"footnotes":""},"class_list":["post-2","page","type-page","status-publish","hentry"],"jetpack-related-posts":[],"jetpack_sharing_enabled":true,"_links":{"self":[{"href":"https:\/\/andreslombana.net\/blog\/wp-json\/wp\/v2\/pages\/2","targetHints":{"allow":["GET"]}}],"collection":[{"href":"https:\/\/andreslombana.net\/blog\/wp-json\/wp\/v2\/pages"}],"about":[{"href":"https:\/\/andreslombana.net\/blog\/wp-json\/wp\/v2\/types\/page"}],"author":[{"embeddable":true,"href":"https:\/\/andreslombana.net\/blog\/wp-json\/wp\/v2\/users\/1"}],"replies":[{"embeddable":true,"href":"https:\/\/andreslombana.net\/blog\/wp-json\/wp\/v2\/comments?post=2"}],"version-history":[{"count":0,"href":"https:\/\/andreslombana.net\/blog\/wp-json\/wp\/v2\/pages\/2\/revisions"}],"wp:attachment":[{"href":"https:\/\/andreslombana.net\/blog\/wp-json\/wp\/v2\/media?parent=2"}],"curies":[{"name":"wp","href":"https:\/\/api.w.org\/{rel}","templated":true}]}}